mposite number?
True
Is 270563 prime?
True
Is 229819 a composite number?
False
Is 12031 a prime number?
False
Is 3149 a composite number?
True
Is 172411 composite?
False
Is 164903 prime?
False
Is 7717 a composite number?
False
Is 10687 a composite number?
False
Is 9173 a composite number?
False
Is 694 a composite number?
True
Is 200841 a composite number?
True
Is 60179 composite?
True
Is 72139 prime?
True
Is 12707 a prime number?
False
Is 1048835 prime?
False
Is 268909 a prime number?
True
Is 59195 composite?
True
Is 385019 composite?
True
Is 112429 prime?
True
Is 150671 a composite number?
True
Is 54269 composite?
False
Is 21089 composite?
False
Is 199142 a composite number?
True
Is 860239 a prime number?
True
Is 57079 prime?
False
Is 18274 composite?
True
Is 57251 a composite number?
False
Is 409 a composite number?
False
Is 827173 a composite number?
True
Is 36667 a composite number?
True
Is 376783 prime?
False
Is 3967 a prime number?
True
Is 293599 composite?
False
Is 44527 prime?
False
Is 187043 a prime number?
True
Is 1543 prime?
True
Is 12407 prime?
False
Is 21311 composite?
True
Is 32541 prime?
False
Is 2125147 prime?
True
Is 137519 composite?
False
Is 1574 a prime number?
False
Is 87833 a prime number?
True
Is 523387 prime?
True
Is 99113 prime?
False
Is 10079 a composite number?
False
Is 22766 a composite number?
True
Is 1387939 prime?
False
Is 616991 composite?
False
Is 11369 prime?
True
Is 73181 a prime number?
True
Is 202271 a composite number?
True
Is 196799 a prime number?
True
Is 3787 prime?
False
Is 1319 composite?
False
Is 10637 a prime number?
False
Is 204119 composite?
True
Is 28559 prime?
True
Is 8903 prime?
False
Is 1187 a composite number?
False
Is 2569 a prime number?
False
Is 250637 a composite number?
True
Is 84391 composite?
False
Is 23227 prime?
True
Is 487 a composite number?
False
Is 15815 composite?
True
Is 1154 a composite number?
True
Is 7729 a composite number?
True
Is 1316749 composite?
True
Is 27601 a composite number?
True
Is 22739 composite?
False
Is 141535 a prime number?
False
Is 87793 a prime number?
True
Is 8133 prime?
False
Is 4971 prime?
False
Is 50069 composite?
False
Is 1969 composite?
True
Is 31019 composite?
False
Is 2451355 a prime number?
False
Is 2017 composite?
False
Is 268591 a prime number?
False
Is 138239 prime?
True
Is 1397 prime?
False
Is 23995 composite?
True
Is 238993 prime?
False
Is 35279 composite?
False
Is 57337 prime?
False
Is 19361 composite?
True
Is 55453 prime?
False
Is 730109 composite?
True
Is 32687 a prime number?
True
Is 4937 composite?
False
Is 1572539 prime?
True
Is 42893 a prime number?
False
Is 789 a prime number?
False
Is 9551 prime?
True
Is 18539 composite?
False
Is 13991 composite?
True
Is 1745111 prime?
True
Is 69461 prime?
False
Is 226079 composite?
True
Is 859 a prime number?
True
Is 16671 prime?
False
Is 41527 composite?
True
Is 299413 a composite number?
True
Is 190133 prime?
False
Is 783611 prime?
False
Is 43063 composite?
False
Is 25831 composite?
True
Is 7933 a composite number?
False
Is 209597 prime?
True
Is 280699 composite?
False
Is 2622327 prime?
False
Is 288191 composite?
False
Is 979919 prime?
True
Is 663463 a prime number?
True
Is 5293 composite?
True
Is 34851 prime?
False
Is 1750123 composite?
False
Is 20189 a composite number?
True
Is 21727 a composite number?
False
Is 47581 prime?
True
Is 281377 composite?
True
Is 94583 prime?
True
Is 291157 a composite number?
True
Is 39197 a prime number?
False
Is 59951 a prime number?
True
Is 162767 composite?
True
Is 45911 a composite number?
True
Is 39271 a composite number?
True
Is 62171 a prime number?
True
Is 322997 a prime number?
True
Is 2063 composite?
False
Is 341 a prime number?
False
Is 104843 prime?
False
Is 145393 composite?
True
Is 24241 a composite number?
True
Is 46619 prime?
True
Is 384961 prime?
True
Is 54829 composite?
False
Is 1517209 composite?
False
Is 248579 composite?
False
Is 187951 prime?
True
Is 17519 a prime number?
True
Is 5534 a composite number?
True
Is 2791641 composite?
True
Is 41479 composite?
False
Is 81717 composite?
True
Is 457 composite?
False
Is 37427 a composite number?
True
Is 3057 a prime number?
False
Is 2677793 composite?
False
Is 183941 a composite number?
True
Is 31307 composite?
False
Is 685333 composite?
True
Is 47239 prime?
False
Is 34913 a composite number?
False
Is 5534 prime?
False
Is 17671 composite?
True
Is 5062 a prime number?
False
Is 115183 a prime number?
True
Is 2946037 a composite number?
False
Is 10007 composite?
False
Is 1483373 composite?
True
Is 3733 composite?
False
Is 162923 prime?
False
Is 22247 a prime number?
True
Is 125183 a prime number?
True
Is 4861 a composite number?
False
Is 396001 a prime number?
True
Is 432277 prime?
True
Is 93733 a composite number?
True
Is 80165 prime?
False
Is 27871 a prime number?
False
Is 2627 composite?
True
Is 521 prime?
True
Is 84013 prime?
False
Is 120223 a prime number?
True
Is 25339 a prime number?
True
Is 2243 a prime number?
True
Is 101411 prime?
True
Is 102043 composite?
False
Is 4357 a prime number?
True
Is 5088169 a composite number?
False
Is 210437 a prime number?
True
Is 5959 prime?
False
Is 815431 composite?
False
Is 27763 a prime number?
True
Is 887 a composite number?
False
Is 459209 a composite number?
False
Is 534973 a prime number?
False
Is 68531 a prime number?
True
Is 11017 composite?
True
Is 12247 composite?
True
Is 4265 prime?
False
Is 524503 prime?
False
Is 13097 a prime number?
False
Is 139021 prime?
True
Is 703 a prime number?
False
Is 4937 prime?
True
Is 133555 prime?
False
Is 375341 prime?
True
Is 67533 composite?
True
Is 33049 composite?
False
Is 541199 composite?
True
Is 37429 composite?
True
Is 46217 a composite number?
True
Is 4599407 a composite number?
False
Is 51503 prime?
True
Is 27953 a prime number?
True
Is 110089 a composite number?
True
Is 16871 prime?
True
Is 5612857 prime?
True
Is 111949 prime?
True
Is 82591 a composite number?
False
Is 402959 composite?
True
Is 5191 a composite number?
True
Is 580837 a prime number?
True
Is 173249 a composite number?
False
Is 27647 prime?
True
Is 1151 a prime number?
True
Is 183437 composite?
False
Is 861121 a prime number?
True
Is 29269 a prime number?
True
Is 637671 a prime number?
False
Is 983 prime?
True
Is 601127 a composite number?
False
Is 764551 composite?
False
Is 173953 prime?
False
Is 194741 prime?
False
Is 44053 a prime number?
True
Is 147419 composite?
False
Is 3314 composite?
True
Is 60691 prime?
False
Is 805531 a prime number?
True
Is 183589 a prime number?
False
Is 19369 composite?
True
Is 127481 a prime number?
True
Is 40123 a composite number?
False
Is 145 prime?
False
Is 224915 composite?
True
Is 934959 composite?
True
Is 6001 a prime number?
False
Is 306949 prime?
True
Is 8609 a prime number?
True
Is 147503 a composite number?
False
Is 303194 a prime number?
False
Is 36539 a composite number?
True
Is 1143143 prime?
True
Is 2069 prime?
True
Is 381153 a composite number?
True
Is 19561 a composite number?
True
Is 245407 a prime number?
True
Is 565 prime?
False
Is 1259 a composite number?
False
Is 161467 prime?
False
Is 40781 prime?
False
Is 161303 a prime number?
True
Is 29221 composite?
False
Is 54917 prime?
True
Is 4831 a prime number?
True
Is 21377 composite?
False
Is 5509 a composite number?
True
Is 8371 composite?
True
Is 789443 a prime number?
True
Is 4319 composite?
True
Is 60479 a prime number?
False
Is 12451 a composite number?
False
Is 521 a prime number?
True
Is 101769 composite?
True
Is 172141 prime?
False
Is 5433 composite?
True
Is 12097 prime?
True
Is 20021 prime?
True
Is 13963 composite?
False
Is 103909 prime?
False
Is 11821 prime?
True
Is 4703 a prime number?
True
Is 4195 prime?
False
Is 131009 a composite number?
False
Is 32297 prime?
True
Is 19027 composite?
True
Is 347509 a composite number?
False
Is 36429 prime?
False
Is 42311 composite?
True
Is 283763 a composite number?
False
Is 313321 composite?
False
Is 10301 prime?
True
Is 27041 a composite number?
True
Is 5195 prime?
False
Is 740305 composite?
True
Is 42179 a composite number?
False
Is 2581 composite?
True
Is 2253187 a composite number?
False
Is 3347 prime?
True
Is 56083 prime?
False
Is 448993 prime?
True
Is 5431 composite?
False
Is 1501 prime?
